5402?
146
Calculate the highest common divisor of 6132 and 4332.
12
Calculate the greatest common divisor of 56 and 207004.
28
Calculate the highest common divisor of 1287535 and 95.
95
What is the greatest common factor of 1848 and 7161?
231
Calculate the highest common divisor of 49456 and 1967.
281
What is the highest common divisor of 135900 and 360?
180
Calculate the highest common factor of 3969 and 13440.
21
What is the highest common divisor of 154 and 37807?
77
What is the highest common factor of 40 and 512?
8
What is the greatest common factor of 96 and 91488?
96
Calculate the greatest common factor of 26538 and 30.
6
What is the highest common factor of 2874 and 408?
6
What is the highest common divisor of 39 and 205890?
3
Calculate the highest common divisor of 160178 and 566.
566
What is the highest common divisor of 2745 and 3309555?
915
What is the greatest common factor of 78067 and 8272?
517
Calculate the highest common divisor of 1406 and 247.
19
What is the greatest common factor of 85168 and 80?
16
What is the greatest common divisor of 13688 and 32?
8
What is the greatest common factor of 13054 and 1342?
122
Calculate the greatest common factor of 136134 and 270.
54
Calculate the greatest common divisor of 5079255 and 2385.
795
What is the highest common divisor of 702 and 789399?
351
What is the highest common divisor of 448 and 639856?
112
Calculate the greatest common divisor of 24026 and 738.
82
What is the highest common factor of 4410050 and 2895?
965
Calculate the highest common factor of 495 and 37565.
55
Calculate the highest common factor of 498953 and 819.
91
Calculate the greatest common factor of 1358 and 142008.
194
What is the highest common factor of 130872 and 336?
168
Calculate the greatest common factor of 154 and 95326.
154
Calculate the highest common divisor of 1064 and 552.
8
What is the highest common factor of 3980 and 215716?
796
What is the highest common divisor of 10 and 100910?
10
What is the greatest common divisor of 614499 and 34?
17
What is the highest common factor of 28378 and 70?
14
Calculate the greatest common divisor of 120860 and 80.
20
Calculate the greatest common factor of 5516 and 2185124.
788
Calculate the greatest common divisor of 4303 and 144978.
331
Calculate the greatest common factor of 37618 and 22.
2
Calculate the highest common factor of 81258 and 18966.
174
Calculate the greatest common divisor of 91954 and 189905.
1999
What is the highest common divisor of 279676 and 116?
116
Calculate the greatest common divisor of 314 and 375230.
314
Calculate the highest common factor of 26 and 131833.
13
What is the highest common factor of 828 and 1556433?
207
Calculate the highest common divisor of 266 and 41344.
38
Calculate the highest common factor of 7642705 and 70.
35
Calculate the highest common divisor of 27781 and 182.
13
Calculate the greatest common divisor of 1484 and 43513.
53
What is the highest common factor of 2409 and 2739?
33
What is the highest common divisor of 2871 and 792?
99
What is the greatest common divisor of 100431 and 9?
9
What is the highest common factor of 36620 and 30?
10
Calculate the greatest common divisor of 1152526 and 1038.
346
Calculate the highest common divisor of 17171 and 4455.
11
What is the greatest common factor of 6820 and 70060?
620
Calculate the highest common factor of 5 and 286435.
5
What is the highest common factor of 321 and 155792?
107
What is the greatest common factor of 73850 and 211?
211
Calculate the greatest common divisor of 154031 and 3404.
851
Calculate the greatest common divisor of 510 and 531250.
170
What is the highest common divisor of 4049280 and 74?
74
What is the greatest common divisor of 1505904 and 5754?
822
What is the highest common divisor of 7987 and 14?
7
What is the highest common factor of 9264 and 128?
16
Calculate the highest common divisor of 192 and 324.
12
Calculate the greatest common factor of 3125 and 475.
25
Calculate the highest common factor of 65900 and 175.
25
Calculate the greatest common factor of 3354 and 234.
78
What is the highest common factor of 9686 and 83834?
334
Calculate the highest common factor of 12740 and 52.
52
Calculate the highest common factor of 345 and 71875.
115
Calculate the highest common factor of 7028 and 1368703.
1757
Calculate the greatest common factor of 621 and 3241827.
207
What is the highest common divisor of 15400 and 15120?
280
What is the greatest common divisor of 736 and 61536?
32
Calculate the highest common factor of 42862 and 1943.
29
What is the highest common factor of 384 and 584832?
384
Calculate the highest common divisor of 20 and 477.
1
What is the highest common factor of 32028 and 108644?
628
What is the highest common divisor of 46676 and 476?
28
Calculate the highest common factor of 90056 and 8.
8
What is the greatest common factor of 16744 and 616?
56
What is the highest common factor of 397 and 3074368?
397
What is the greatest common divisor of 740586 and 8085?
1617
Calculate the highest common divisor of 1759886 and 178.
178
Calculate the highest common factor of 1820 and 493584.
364
What is the highest common divisor of 720171 and 204?
51
Calculate the greatest common divisor of 9517236 and 12.
12
What is the highest common divisor of 400939 and 164?
41
What is the highest common divisor of 32130 and 1316?
14
Calculate the greatest common divisor of 15231786 and 174.
174
Calculate the highest common factor of 49221 and 234.
9
What is the highest common factor of 172 and 2731618?
86
What is the greatest common factor of 390 and 405?
15
Calculate the highest common factor of 40 and 33080.
40
Calculate the highest common divisor of 141496 and 368.
184
Calculate the highest common divisor of 256964 and 1135.
227
What is the highest common divisor of 1050 and 19550?
50
What is the greatest common divisor of 111450 and 240?
30
Calculate the greatest common divisor of 3 and 820305.
3
What is the highest common factor of 8286282 and 54?
18
Calculate the highest common factor of 981 and 58969.
109
Calculate the highest common divisor of 90 and 42765.
15
What is the greatest common divisor of 3116 and 83353?
779
What is the greatest common divisor of 3861 and 1226511?
1287
Calculate the greatest common divisor of 504240 and 352.
176
What is the greatest common divisor of 4656 and 28518?
582
What is the greatest common factor of 2155 and 1248607?
431
Calculate the highest common divisor of 3525 and 3750.
75
What is the greatest common divisor of 6969 and 298152?
303
Calculate the greatest common factor of 98 and 42938.
14
Calculate the greatest common divisor of 121840 and 56.
8
Calculate the greatest common factor of 6 and 14426.
2
Calculate the greatest common factor of 144874 and 918.
34
Calculate the highest common divisor of 1275 and 1428.
51
Calculate the greatest common divisor of 986 and 29754.
58
Calculate the highest common factor of 2385 and 1060.
265
Calculate the highest common divisor of 246710 and 70.
10
What is the highest common divisor of 4646 and 8686?
202
What is the highest common factor of 23062 and 13858?
26
Calculate the greatest common factor of 918 and 210239.
17
Calculate the greatest common divisor of 13771 and 470.
47
What is the greatest common factor of 4248 and 107852?
236
What is the greatest common factor of 183 and 7790249?
61
What is the greatest common factor of 1421 and 95746?
49
Calculate the highest common factor of 80 and 53980.
20
Calculate the highest common divisor of 126476 and 532.
28
What is the greatest common factor of 5121 and 9?
9
Calculate the highest common divisor of 3782 and 46848.
122
What is the greatest common divisor of 554886 and 1392?
174
What is the highest common factor of 11264 and 21736?
88
What is the highest common factor of 79825 and 62?
31
Calculate the highest common divisor of 150 and 64725.
75
Calculate the greatest common factor of 7576 and 24.
8
Calculate the highest common divisor of 4 and 25876.
4
Calculate the greatest common divisor of 1560 and 12600.
120
Calculate the greatest common factor of 207 and 2587845.
69
What is the highest common divisor of 2873 and 247?
13
Calculate the highest common factor of 284 and 2221306.
142
What is the highest common di